 15. Suppose 0 = 2*f - k*f + 18. Suppose 4*a - 3*j + f*j - 72 = 0, -a + 18 = -j. What is the tens digit of a?
1
Let p(r) = -r**3 - 12*r**2 - 10*r + 15. Let i be p(-11). Suppose 4 = -3*z + 4*o, 3*z - 5*z + 4*o = i. Suppose z*a = -4*a + 64. What is the tens digit of a?
1
Suppose 5*z + 278 = 6*z + 3*h, 3*z + 3*h - 840 = 0. Suppose -s - 2*m = -z, s + 2*m - 6*m - 257 = 0. What is the hundreds digit of s?
2
Let s = 2437 - 1637. Suppose -240 = 4*i - s. What is the tens digit of i?
4
Let t(h) = 2*h**3 + 3*h. Suppose -3 = -5*n + 12. Let b be t(n). Suppose -j - 23 = -b. What is the units digit of j?
0
Let q = 25 + -56. Let v = 33 + q. Suppose -5*r - v*x + 75 = 0, -4*r + r + 45 = 5*x. What is the tens digit of r?
1
Suppose 3*d + 74 = 5*d. Suppose 3*c + 5 = 2*w + 14, 5*c + 4*w = d. What is the units digit of c?
5
Let b(d) be the third derivative of d**5/5 + d**4/6 - 4*d**3/3 + 13*d**2. What is the units digit of b(-4)?
8
Let h = 2545 - -591. What is the thousands digit of h?
3
Let v(x) = 401*x**2 + 3*x + 10. What is the thousands digit of v(-2)?
1
Suppose -9 = d + 2*m, -2*d - m = -0*m + 9. Let u(g) be the third derivative of -7*g**4/24 + 2*g**3/3 - 101*g**2. What is the tens digit of u(d)?
2
Suppose -5429 = -4*y + 4*s + 1079, y - 1615 = -5*s. What is the tens digit of y?
2
Suppose 3*o + p - 2186 = 6975, 5*o - 3*p - 15273 = 0. What is the thousands digit of o?
3
Let m(c) = 3*c**2 - 39*c - 8. Let r be m(13). Let k(x) = 4 - 12*x + 0*x**2 + 6 - x**2. What is the tens digit of k(r)?
4
Suppose -405*w + 401*w + 388 = 0. What is the units digit of w?
7
Suppose 0 = k - 7*l + 2*l - 13, -3*l - 15 = -3*k. Suppose k*t - 7*t + 148 = 0. What is the tens digit of t?
3
Suppose 0 = -2*r + 4*y + 99 + 747, 846 = 2*r - 3*y. What is the hundreds digit of r?
4
Let a(z) = z**2 - 9*z + 31. Suppose -3*r + 5*l - 43 = -6*r, -l = 1. What is the units digit of a(r)?
3
Let a(p) = -16 + p**2 - 13*p - 7*p + 11*p. What is the tens digit of a(12)?
2
Let d = -11 - -11. Suppose -l + 10 + 1 = d. Suppose -6*n - 245 = -l*n. What is the tens digit of n?
4
Let b be 9 - (-3 - (-2 - 0)). Let x(l) = 0 + l**3 + b*l + 5 - 9*l**2 - 7. What is the units digit of x(8)?
4
Suppose 5*t + 2676 = 7*t - 2*l, l + 6674 = 5*t. What is the units digit of t?
4
Suppose 16*l - 19*l = -6. Suppose -l*k + 3*k = 27. What is the tens digit of k?
2
Suppose -4*i - 849 = -353. Let q = i - -212. Let y = q + -47. What is the units digit of y?
1
Suppose 3*n + 3*f = -11 - 22, 30 = -4*n + 3*f. Let o = 14 + n. Suppose o*i - 26 = 24. What is the tens digit of i?
1
Let a be (-462)/39 - 3/(-78)*-4. What is the tens digit of (-2)/(-4)*0 - (-189 - a)?
7
Let c(t) = 4*t**2 + 34*t - 236. What is the tens digit of c(6)?
1
Suppose -2*j + 6 = r, 5*r = -3*j + 24 - 8. Suppose -67 = -o + j. What is the tens digit of o?
6
Suppose 1244 = 89*q - 87*q. What is the hundreds digit of q?
6
Let f = -348 + 508. What is the units digit of f?
0
Suppose -10 + 10 = g. Suppose 3*c - 4*j - 464 = -c, g = -2*j + 6. What is the hundreds digit of c?
1
Let j(l) = 348*l + 102. What is the tens digit of j(2)?
9
Let q = 16 + -22. What is the tens digit of (-56)/(-6)*q/(-2) + 0?
2
Suppose -b - 4*a = -1035, 3*b - 3105 = -25*a + 21*a. What is the hundreds digit of b?
0
Let c(w) = -w**3 + 7*w**2 + w. Let f be c(7). Suppose -4*j = -13 - f. Suppose 2 + 3 = j*v. What is the units digit of v?
1
Suppose -y + 5 = -7. Let c = 0 + y. Let u(k) = k**3 - 12*k**2 - k + 17. What is the units digit of u(c)?
5
Let u = -136 - -103. Let g = 69 + u. What is the units digit of g?
6
What is the tens digit of (-437)/(((-19)/2)/19)?
7
Let v(y) = -356*y - 12. What is the hundreds digit of v(-1)?
3
What is the units digit of ((-3)/9)/((-8)/33288)?
7
Let c = 4 - -63. Suppose -72 = -c*b + 66*b. What is the units digit of b?
2
Let x be 50/5*(-6)/(-4). Suppose 2*a - x = 5*a. Let s(l) = 3*l**2 + 7*l + 1. What is the tens digit of s(a)?
4
Suppose 2*l = -6*l. Suppose 7*g = -l + 266. What is the units digit of g?
8
Suppose 140 = 7*s - 2*s. Suppose -s = -2*q - 3*w, -8*w + 4*w - 25 = -3*q. What is the units digit of q?
1
Let w = -112 + 109. What is the tens digit of ((-3)/(-4))/(w + (-388)/(-128))?
2
Let p(z) = -8*z + 1. Let q be p(-1). Suppose -34 = -5*a - q. Suppose -r + 16 = 2*h, -a*h + 2 = 7. What is the units digit of r?
8
Let w(a) = -170*a - 341. What is the hundreds digit of w(-11)?
5
Suppose -13*z + 9*z + 784 = 0. Suppose i + z = 2*x, 2*i - 6 = 2. What is the tens digit of x?
0
Let r(w) = w**2 + 287. What is the tens digit of r(0)?
8
Suppose 0 = -3*c + 3*b - 5*b + 192, b - 129 = -2*c. Suppose 2*h - 7*h + 3*k = -470, h = -5*k + c. What is the units digit of h?
1
Let j(t) = -t**2 + t. Let i be j(0). Suppose -h + 2*d + 45 = 17, -2*h - 2*d + 86 = i. What is the units digit of h?
8
Let v = -19 - -19. What is the tens digit of -79*(0 + -3 + v)?
3
Suppose -n - 5*y = 27, 3*n - 48 = -5*y - 179. Let i = n - -104. What is the tens digit of i?
5
Let v(o) = -2*o**3 + 5*o**2 + 3*o + 9. Let t be v(-4). Suppose 0 = 4*w - 9*w + t. What is the units digit of w?
1
What is the units digit of 2/4 - 1626/(-12)?
6
Let o be 1/(4 + -3) - -4. Suppose 3*c - 263 = -o. What is the tens digit of c?
8
Let r(o) = o**3 - 6*o**2 - o - 7. Let d be (-8)/(-32) - 38/(-8). Let s be r(d). Let w = s - -52. What is the units digit of w?
5
Let i(a) = -9*a**2 + 9*a - 5. Let c(x) = -5*x**2 + 5*x - 3. Let h(s) = -7*c(s) + 4*i(s). Let d be h(2). What is the units digit of 8 - 6 - (d + 2)?
1
Suppose q - 558 = 2*j - 3*j, 0 = -4*j + 5*q + 2187. What is the units digit of j?
3
Let s be 10/20*(1 - 1) - 0. Let t = s - -71. What is the units digit of t?
1
Let r be -6 - (-9)/3 - -836. Suppose -6*v = 23 - r. What is the hundreds digit of v?
1
Let f = -479 + 672. Suppose -f = 8*c - 1441. What is the units digit of c?
6
Suppose -12333 = -9*u + 21714. What is the tens digit of u?
8
Let z be 75 + 0 - (-3 + 5). Let g = -27 + z. What is the tens digit of (-1)/(-3 + 137/g)?
4
Suppose -8*m + 18*m - 8200 = 0. What is the hundreds digit of m?
8
Suppose -a - 4*a = 25. Let z = 7 + a. Suppose 5*b - 23 = -z*t + 2*b, -12 = -t - b. What is the tens digit of t?
1
Suppose 0 = -7*i - 75 - 9. Let f = i - -20. Let y = 41 - f. What is the units digit of y?
3
Let f = -1 + 3. Suppose f*v - 899 = -2*v + l, -2*l = -2*v + 454. What is the hundreds digit of v?
2
Let t = -101 + 97. What is the units digit of 5/(25/10) + 3 + t?
1
What is the tens digit of (-53 - -9)/(1*3/(-63))?
2
Let o = 25 - 37. What is the units digit of (-164)/o + 2/(-3)?
3
Suppose 4*u - 12*d - 2680 = -7*d, 2*d + 2692 = 4*u. What is the tens digit of u?
7
Let m = 43 - 72. Let y = -10 - m. What is the tens digit of y?
1
Let t(p) = 22*p**3 + 2*p + p**2 - 1 - 3*p + 0*p**3. What is the units digit of t(1)?
1
Suppose -q - f - 3*f = 3, -17 = -5*q - 4*f. Suppose 32 = q*w - 3*w. Suppose -3*l + 5*l = w. What is the units digit of l?
8
Let i = 517 - -426. What is the tens digit of i?
4
Let w(y) = 2*y**3 + 12*y - 63. What is the tens digit of w(9)?
0
Let u(r) be the second derivative of 25*r**4/12 + 2*r**3/3 + 8*r. What is the units digit of u(2)?
8
Let c(i) = i**2 - 4*i - 4. Let r be c(3). What is the units digit of 902/10 - r/(-35)?
0
What is the units digit of ((11 - 14) + 5)/(1/162)?
4
Let v(x) = x**3 + 14*x**2 + 11*x - 17. Let y be v(-13). Suppose -142 = -s + 5*i + y, 2*s - 5*i = 327. What is the hundreds digit of s?
1
Suppose 0 = -12*b + 3216 + 1164. What is the units digit of b?
5
Let h(a) = 139*a**2 - a. What is the units digit of h(-2)?
8
Let k(s) be the first derivative of 46*s**3 + s + 28. What is the hundreds digit of k(-1)?
1
Suppose 12*i - 3*v - 13077 = 9*i, -4*i = 2*v - 17412. What is the hundreds digit of i?
3
Let i(l) = -l**2 - 27*l - 12. Let g be (-8)/(-24) - (-55)/(-3). What is the hundreds digit of i(g)?
1
Suppose -945 = -3*t - v, -12*t + 3*v = -8*t - 1247. What is the units digit of t?
4
Suppose 3 = g - 3*s, -g + 5*s = -4 + 1. Suppose -a + 495 = 2*a - 5*q, -a + g*q = -165. What is the hundreds digit of a?
1
Suppose -70985 = -12*u - 25865. What is the thousands digit of u?
3
Suppose -3*p + 1661 = 2*k - 285, 0 = -3*p - k + 1945. What is the hundreds digit of p?
6
Suppose 96 - 28 = 4*b. Suppose d = 21 + b. What is the units digit of d?
8
Let p be 1/(-4) + 57/4. Let v = 203 + -211. Let h = v + p. Wh